{"id":9433,"date":"2025-02-24T12:49:58","date_gmt":"2025-02-24T11:49:58","guid":{"rendered":"https:\/\/www.hoteleuropariva.it\/it\/faq\/noleggio-bici-heuro_import-de\/"},"modified":"2025-02-24T12:49:58","modified_gmt":"2025-02-24T11:49:58","slug":"noleggio-bici-heuro_import-de","status":"publish","type":"faq","link":"https:\/\/www.hoteleuropariva.it\/it\/faq\/noleggio-bici-heuro_import-de\/","title":{"rendered":"Noleggio bici HEURO_import de"},"author":15,"template":"","class_list":["post-9433","faq","type-faq","status-publish","hentry"],"acf":{"domanda":"Kann ich ein Fahrrad mieten? Haben Sie Kinderfahrr\u00e4der?","risposta":"Das Hotel Europa bietet seinen G\u00e4sten die M\u00f6glichkeit, kostenlos Citybikes auszuleihen! Der Service kann je nach Verf\u00fcgbarkeit an der Hotelrezeption gebucht werden. Nutzen Sie diesen Service, denn Riva und seine Umgebung mit dem Fahrrad zu erkunden, ist ein wunderbares Erlebnis.","lingua":"de","categoria":"Dienstleistungen"},"yoast_head":"<!-- This site is optimized with the Yoast SEO plugin v27.4 - https:\/\/yoast.com\/product\/yoast-seo-wordpress\/ -->\n<title>Noleggio bici HEURO_import de - Hotel Europa<\/title>\n<meta name=\"robots\" content=\"index, follow, max-snippet:-1, max-image-preview:large, max-video-preview:-1\" \/>\n<link rel=\"canonical\" href=\"https:\/\/www.hoteleuropariva.it\/it\/faq\/noleggio-bici-heuro_import-de\/\" \/>\n<meta property=\"og:locale\" content=\"it_IT\" \/>\n<meta property=\"og:type\" content=\"article\" \/>\n<meta property=\"og:title\" content=\"Noleggio bici HEURO_import de - Hotel Europa\" \/>\n<meta property=\"og:url\" content=\"https:\/\/www.hoteleuropariva.it\/it\/faq\/noleggio-bici-heuro_import-de\/\" \/>\n<meta property=\"og:site_name\" content=\"Hotel Europa\" \/>\n<meta name=\"twitter:card\" content=\"summary_large_image\" \/>\n<script type=\"application\/ld+json\" class=\"yoast-schema-graph\">{\"@context\":\"https:\\\/\\\/schema.org\",\"@graph\":[{\"@type\":\"WebPage\",\"@id\":\"https:\\\/\\\/www.hoteleuropariva.it\\\/it\\\/faq\\\/noleggio-bici-heuro_import-de\\\/\",\"url\":\"https:\\\/\\\/www.hoteleuropariva.it\\\/it\\\/faq\\\/noleggio-bici-heuro_import-de\\\/\",\"name\":\"Noleggio bici HEURO_import de - Hotel Europa\",\"isPartOf\":{\"@id\":\"https:\\\/\\\/www.hoteleuropariva.it\\\/it\\\/#website\"},\"datePublished\":\"2025-02-24T11:49:58+00:00\",\"inLanguage\":\"it-IT\",\"potentialAction\":[{\"@type\":\"ReadAction\",\"target\":[\"https:\\\/\\\/www.hoteleuropariva.it\\\/it\\\/faq\\\/noleggio-bici-heuro_import-de\\\/\"]}]},{\"@type\":\"WebSite\",\"@id\":\"https:\\\/\\\/www.hoteleuropariva.it\\\/it\\\/#website\",\"url\":\"https:\\\/\\\/www.hoteleuropariva.it\\\/it\\\/\",\"name\":\"Hotel Europa\",\"description\":\"SkyPool &amp; Panorama | Riva del Garda\",\"publisher\":{\"@id\":\"https:\\\/\\\/www.hoteleuropariva.it\\\/it\\\/#organization\"},\"potentialAction\":[{\"@type\":\"SearchAction\",\"target\":{\"@type\":\"EntryPoint\",\"urlTemplate\":\"https:\\\/\\\/www.hoteleuropariva.it\\\/it\\\/?s={search_term_string}\"},\"query-input\":{\"@type\":\"PropertyValueSpecification\",\"valueRequired\":true,\"valueName\":\"search_term_string\"}}],\"inLanguage\":\"it-IT\"},{\"@type\":\"Organization\",\"@id\":\"https:\\\/\\\/www.hoteleuropariva.it\\\/it\\\/#organization\",\"name\":\"Hotel Europa\",\"url\":\"https:\\\/\\\/www.hoteleuropariva.it\\\/it\\\/\",\"logo\":{\"@type\":\"ImageObject\",\"inLanguage\":\"it-IT\",\"@id\":\"https:\\\/\\\/www.hoteleuropariva.it\\\/it\\\/#\\\/schema\\\/logo\\\/image\\\/\",\"url\":\"https:\\\/\\\/www.hoteleuropariva.it\\\/wp-content\\\/uploads\\\/2024\\\/02\\\/cropped-cropped-hotel-europa-logo-negativo.png\",\"contentUrl\":\"https:\\\/\\\/www.hoteleuropariva.it\\\/wp-content\\\/uploads\\\/2024\\\/02\\\/cropped-cropped-hotel-europa-logo-negativo.png\",\"width\":700,\"height\":143,\"caption\":\"Hotel Europa\"},\"image\":{\"@id\":\"https:\\\/\\\/www.hoteleuropariva.it\\\/it\\\/#\\\/schema\\\/logo\\\/image\\\/\"}}]}<\/script>\n<!-- \/ Yoast SEO plugin. -->","yoast_head_json":{"title":"Noleggio bici HEURO_import de - Hotel Europa","robots":{"index":"index","follow":"follow","max-snippet":"max-snippet:-1","max-image-preview":"max-image-preview:large","max-video-preview":"max-video-preview:-1"},"canonical":"https:\/\/www.hoteleuropariva.it\/it\/faq\/noleggio-bici-heuro_import-de\/","og_locale":"it_IT","og_type":"article","og_title":"Noleggio bici HEURO_import de - Hotel Europa","og_url":"https:\/\/www.hoteleuropariva.it\/it\/faq\/noleggio-bici-heuro_import-de\/","og_site_name":"Hotel Europa","twitter_card":"summary_large_image","schema":{"@context":"https:\/\/schema.org","@graph":[{"@type":"WebPage","@id":"https:\/\/www.hoteleuropariva.it\/it\/faq\/noleggio-bici-heuro_import-de\/","url":"https:\/\/www.hoteleuropariva.it\/it\/faq\/noleggio-bici-heuro_import-de\/","name":"Noleggio bici HEURO_import de - Hotel Europa","isPartOf":{"@id":"https:\/\/www.hoteleuropariva.it\/it\/#website"},"datePublished":"2025-02-24T11:49:58+00:00","inLanguage":"it-IT","potentialAction":[{"@type":"ReadAction","target":["https:\/\/www.hoteleuropariva.it\/it\/faq\/noleggio-bici-heuro_import-de\/"]}]},{"@type":"WebSite","@id":"https:\/\/www.hoteleuropariva.it\/it\/#website","url":"https:\/\/www.hoteleuropariva.it\/it\/","name":"Hotel Europa","description":"SkyPool &amp; Panorama | Riva del Garda","publisher":{"@id":"https:\/\/www.hoteleuropariva.it\/it\/#organization"},"potentialAction":[{"@type":"SearchAction","target":{"@type":"EntryPoint","urlTemplate":"https:\/\/www.hoteleuropariva.it\/it\/?s={search_term_string}"},"query-input":{"@type":"PropertyValueSpecification","valueRequired":true,"valueName":"search_term_string"}}],"inLanguage":"it-IT"},{"@type":"Organization","@id":"https:\/\/www.hoteleuropariva.it\/it\/#organization","name":"Hotel Europa","url":"https:\/\/www.hoteleuropariva.it\/it\/","logo":{"@type":"ImageObject","inLanguage":"it-IT","@id":"https:\/\/www.hoteleuropariva.it\/it\/#\/schema\/logo\/image\/","url":"https:\/\/www.hoteleuropariva.it\/wp-content\/uploads\/2024\/02\/cropped-cropped-hotel-europa-logo-negativo.png","contentUrl":"https:\/\/www.hoteleuropariva.it\/wp-content\/uploads\/2024\/02\/cropped-cropped-hotel-europa-logo-negativo.png","width":700,"height":143,"caption":"Hotel Europa"},"image":{"@id":"https:\/\/www.hoteleuropariva.it\/it\/#\/schema\/logo\/image\/"}}]}},"featured_img":false,"coauthors":[],"author_meta":{"author_link":"https:\/\/www.hoteleuropariva.it\/it\/author\/openrosetta\/","display_name":"Openrosetta"},"relative_dates":{"created":"Pubblicato 1 anno fa","modified":"Aggiornato 1 anno fa"},"absolute_dates":{"created":"Pubblicato il 24\/02\/2025","modified":"Aggiornato il 24\/02\/2025"},"absolute_dates_time":{"created":"Pubblicato il 24\/02\/2025 12:49","modified":"Aggiornato il 24\/02\/2025 12:49"},"featured_img_caption":"","tax_additional":[],"series_order":"","_links":{"self":[{"href":"https:\/\/www.hoteleuropariva.it\/it\/wp-json\/wp\/v2\/faq\/9433","targetHints":{"allow":["GET"]}}],"collection":[{"href":"https:\/\/www.hoteleuropariva.it\/it\/wp-json\/wp\/v2\/faq"}],"about":[{"href":"https:\/\/www.hoteleuropariva.it\/it\/wp-json\/wp\/v2\/types\/faq"}],"wp:attachment":[{"href":"https:\/\/www.hoteleuropariva.it\/it\/wp-json\/wp\/v2\/media?parent=9433"}],"curies":[{"name":"wp","href":"https:\/\/api.w.org\/{rel}","templated":true}]}}

Kann ich ein Fahrrad mieten? Haben Sie Kinderfahrräder?

Das Hotel Europa bietet seinen Gästen die Möglichkeit, kostenlos Citybikes auszuleihen! Der Service kann je nach Verfügbarkeit an der Hotelrezeption gebucht werden. Nutzen Sie diesen Service, denn Riva und seine Umgebung mit dem Fahrrad zu erkunden, ist ein wunderbares Erlebnis.
