{"id":5452,"date":"2023-05-15T17:00:33","date_gmt":"2023-05-15T15:00:33","guid":{"rendered":"https:\/\/www.hoteleuropariva.it\/?post_type=rooms&#038;p=5452"},"modified":"2024-06-25T09:56:28","modified_gmt":"2024-06-25T07:56:28","slug":"classic-2","status":"publish","type":"rooms","link":"https:\/\/www.hoteleuropariva.it\/de\/zimmer\/classic-2\/","title":{"rendered":"Classic"},"content":{"rendered":"\n<p><em>Zimmer mit Aussicht Ausblick auf den Monte Oro oder die R\u00fcckseite des Hotels<\/em><\/p>\n\n\n\n<p>Das Zimmer der Kategorie Classic bietet im Europa Hotel in Riva del Garda die ideale L\u00f6sung f\u00fcr alle, die ein gem\u00fctliches Ambiente mit zweckdienlicher Einrichtung in angenehmen, einladenden Farbt\u00f6nen suchen.<\/p>\n\n\n\n<p>Das Zimmer ist mit einem Doppelbett ausgestattet und hat <strong>auch Platz f\u00fcr ein Kinderbett<\/strong>.<\/p>\n\n\n\n<p>Den G\u00e4sten steht ein Courtesy-Set mit einer Packung Einweg-Desinfektionst\u00fccher zur Verf\u00fcgung.<\/p>\n","protected":false},"excerpt":{"rendered":"<p>Das Zimmer der Kategorie Classic bietet im Europa Hotel in Riva del Garda die ideale L\u00f6sung f\u00fcr alle, die ein <b>gem\u00fctliches Ambiente<\/b> mit zweckdienlicher Einrichtung in <b>angenehmen, einladenden Farbt\u00f6nen<\/b> suchen.<\/p>\n","protected":false},"author":2,"featured_media":5961,"template":"","meta":{"_acf_changed":false,"advgb_blocks_editor_width":"","advgb_blocks_columns_visual_guide":"","footnotes":""},"room_categories":[],"class_list":["post-5452","rooms","type-rooms","status-publish","has-post-thumbnail","hentry"],"acf":[],"yoast_head":"<!-- This site is optimized with the Yoast SEO plugin v27.4 - https:\/\/yoast.com\/product\/yoast-seo-wordpress\/ -->\n<title>Classic - Hotel Europa - SkyPool &amp; Panorama | Riva del Garda<\/title>\n<meta name=\"description\" content=\"Ruhiges und Kleines Dopplezimmer mit franz\u00f6sischem Bett.\" \/>\n<meta name=\"robots\" content=\"index, follow, max-snippet:-1, max-image-preview:large, max-video-preview:-1\" \/>\n<link rel=\"canonical\" href=\"https:\/\/www.hoteleuropariva.it\/de\/zimmer\/classic-2\/\" \/>\n<meta property=\"og:locale\" content=\"de_DE\" \/>\n<meta property=\"og:type\" content=\"article\" \/>\n<meta property=\"og:title\" content=\"Classic - Hotel Europa - SkyPool &amp; Panorama | Riva del Garda\" \/>\n<meta property=\"og:description\" content=\"Ruhiges und Kleines Dopplezimmer mit franz\u00f6sischem Bett.\" \/>\n<meta property=\"og:url\" content=\"https:\/\/www.hoteleuropariva.it\/de\/zimmer\/classic-2\/\" \/>\n<meta property=\"og:site_name\" content=\"Hotel Europa\" \/>\n<meta property=\"article:modified_time\" content=\"2024-06-25T07:56:28+00:00\" \/>\n<meta property=\"og:image\" content=\"https:\/\/www.hoteleuropariva.it\/wp-content\/uploads\/2023\/03\/classic-1.jpg\" \/>\n\t<meta property=\"og:image:width\" content=\"2000\" \/>\n\t<meta property=\"og:image:height\" content=\"1335\" \/>\n\t<meta property=\"og:image:type\" content=\"image\/jpeg\" \/>\n<meta name=\"twitter:card\" content=\"summary_large_image\" \/>\n<meta name=\"twitter:label1\" content=\"Gesch\u00e4tzte Lesezeit\" \/>\n\t<meta name=\"twitter:data1\" content=\"1\u00a0Minute\" \/>\n<script type=\"application\/ld+json\" class=\"yoast-schema-graph\">{\"@context\":\"https:\\\/\\\/schema.org\",\"@graph\":[{\"@type\":\"WebPage\",\"@id\":\"https:\\\/\\\/www.hoteleuropariva.it\\\/de\\\/zimmer\\\/classic-2\\\/\",\"url\":\"https:\\\/\\\/www.hoteleuropariva.it\\\/de\\\/zimmer\\\/classic-2\\\/\",\"name\":\"Classic - Hotel Europa - SkyPool &amp; Panorama | Riva del Garda\",\"isPartOf\":{\"@id\":\"https:\\\/\\\/www.hoteleuropariva.it\\\/de\\\/#website\"},\"primaryImageOfPage\":{\"@id\":\"https:\\\/\\\/www.hoteleuropariva.it\\\/de\\\/zimmer\\\/classic-2\\\/#primaryimage\"},\"image\":{\"@id\":\"https:\\\/\\\/www.hoteleuropariva.it\\\/de\\\/zimmer\\\/classic-2\\\/#primaryimage\"},\"thumbnailUrl\":\"https:\\\/\\\/www.hoteleuropariva.it\\\/wp-content\\\/uploads\\\/2023\\\/03\\\/classic-1.jpg\",\"datePublished\":\"2023-05-15T15:00:33+00:00\",\"dateModified\":\"2024-06-25T07:56:28+00:00\",\"description\":\"Ruhiges und Kleines Dopplezimmer mit franz\u00f6sischem Bett.\",\"breadcrumb\":{\"@id\":\"https:\\\/\\\/www.hoteleuropariva.it\\\/de\\\/zimmer\\\/classic-2\\\/#breadcrumb\"},\"inLanguage\":\"de\",\"potentialAction\":[{\"@type\":\"ReadAction\",\"target\":[\"https:\\\/\\\/www.hoteleuropariva.it\\\/de\\\/zimmer\\\/classic-2\\\/\"]}]},{\"@type\":\"ImageObject\",\"inLanguage\":\"de\",\"@id\":\"https:\\\/\\\/www.hoteleuropariva.it\\\/de\\\/zimmer\\\/classic-2\\\/#primaryimage\",\"url\":\"https:\\\/\\\/www.hoteleuropariva.it\\\/wp-content\\\/uploads\\\/2023\\\/03\\\/classic-1.jpg\",\"contentUrl\":\"https:\\\/\\\/www.hoteleuropariva.it\\\/wp-content\\\/uploads\\\/2023\\\/03\\\/classic-1.jpg\",\"width\":2000,\"height\":1335},{\"@type\":\"BreadcrumbList\",\"@id\":\"https:\\\/\\\/www.hoteleuropariva.it\\\/de\\\/zimmer\\\/classic-2\\\/#breadcrumb\",\"itemListElement\":[{\"@type\":\"ListItem\",\"position\":1,\"name\":\"Zimmer\",\"item\":\"https:\\\/\\\/www.hoteleuropariva.it\\\/de\\\/zimmer\\\/\"},{\"@type\":\"ListItem\",\"position\":2,\"name\":\"Classic\"}]},{\"@type\":\"WebSite\",\"@id\":\"https:\\\/\\\/www.hoteleuropariva.it\\\/de\\\/#website\",\"url\":\"https:\\\/\\\/www.hoteleuropariva.it\\\/de\\\/\",\"name\":\"Hotel Europa\",\"description\":\"SkyPool &amp; Panorama | Riva del Garda\",\"publisher\":{\"@id\":\"https:\\\/\\\/www.hoteleuropariva.it\\\/de\\\/#organization\"},\"potentialAction\":[{\"@type\":\"SearchAction\",\"target\":{\"@type\":\"EntryPoint\",\"urlTemplate\":\"https:\\\/\\\/www.hoteleuropariva.it\\\/de\\\/?s={search_term_string}\"},\"query-input\":{\"@type\":\"PropertyValueSpecification\",\"valueRequired\":true,\"valueName\":\"search_term_string\"}}],\"inLanguage\":\"de\"},{\"@type\":\"Organization\",\"@id\":\"https:\\\/\\\/www.hoteleuropariva.it\\\/de\\\/#organization\",\"name\":\"Hotel Europa\",\"url\":\"https:\\\/\\\/www.hoteleuropariva.it\\\/de\\\/\",\"logo\":{\"@type\":\"ImageObject\",\"inLanguage\":\"de\",\"@id\":\"https:\\\/\\\/www.hoteleuropariva.it\\\/de\\\/#\\\/schema\\\/logo\\\/image\\\/\",\"url\":\"https:\\\/\\\/www.hoteleuropariva.it\\\/wp-content\\\/uploads\\\/2024\\\/02\\\/cropped-cropped-hotel-europa-logo-negativo.png\",\"contentUrl\":\"https:\\\/\\\/www.hoteleuropariva.it\\\/wp-content\\\/uploads\\\/2024\\\/02\\\/cropped-cropped-hotel-europa-logo-negativo.png\",\"width\":700,\"height\":143,\"caption\":\"Hotel Europa\"},\"image\":{\"@id\":\"https:\\\/\\\/www.hoteleuropariva.it\\\/de\\\/#\\\/schema\\\/logo\\\/image\\\/\"}}]}<\/script>\n<!-- \/ Yoast SEO plugin. -->","yoast_head_json":{"title":"Classic - Hotel Europa - SkyPool &amp; Panorama | Riva del Garda","description":"Ruhiges und Kleines Dopplezimmer mit franz\u00f6sischem Bett.","robots":{"index":"index","follow":"follow","max-snippet":"max-snippet:-1","max-image-preview":"max-image-preview:large","max-video-preview":"max-video-preview:-1"},"canonical":"https:\/\/www.hoteleuropariva.it\/de\/zimmer\/classic-2\/","og_locale":"de_DE","og_type":"article","og_title":"Classic - Hotel Europa - SkyPool &amp; Panorama | Riva del Garda","og_description":"Ruhiges und Kleines Dopplezimmer mit franz\u00f6sischem Bett.","og_url":"https:\/\/www.hoteleuropariva.it\/de\/zimmer\/classic-2\/","og_site_name":"Hotel Europa","article_modified_time":"2024-06-25T07:56:28+00:00","og_image":[{"width":2000,"height":1335,"url":"https:\/\/www.hoteleuropariva.it\/wp-content\/uploads\/2023\/03\/classic-1.jpg","type":"image\/jpeg"}],"twitter_card":"summary_large_image","twitter_misc":{"Gesch\u00e4tzte Lesezeit":"1\u00a0Minute"},"schema":{"@context":"https:\/\/schema.org","@graph":[{"@type":"WebPage","@id":"https:\/\/www.hoteleuropariva.it\/de\/zimmer\/classic-2\/","url":"https:\/\/www.hoteleuropariva.it\/de\/zimmer\/classic-2\/","name":"Classic - Hotel Europa - SkyPool &amp; Panorama | Riva del Garda","isPartOf":{"@id":"https:\/\/www.hoteleuropariva.it\/de\/#website"},"primaryImageOfPage":{"@id":"https:\/\/www.hoteleuropariva.it\/de\/zimmer\/classic-2\/#primaryimage"},"image":{"@id":"https:\/\/www.hoteleuropariva.it\/de\/zimmer\/classic-2\/#primaryimage"},"thumbnailUrl":"https:\/\/www.hoteleuropariva.it\/wp-content\/uploads\/2023\/03\/classic-1.jpg","datePublished":"2023-05-15T15:00:33+00:00","dateModified":"2024-06-25T07:56:28+00:00","description":"Ruhiges und Kleines Dopplezimmer mit franz\u00f6sischem Bett.","breadcrumb":{"@id":"https:\/\/www.hoteleuropariva.it\/de\/zimmer\/classic-2\/#breadcrumb"},"inLanguage":"de","potentialAction":[{"@type":"ReadAction","target":["https:\/\/www.hoteleuropariva.it\/de\/zimmer\/classic-2\/"]}]},{"@type":"ImageObject","inLanguage":"de","@id":"https:\/\/www.hoteleuropariva.it\/de\/zimmer\/classic-2\/#primaryimage","url":"https:\/\/www.hoteleuropariva.it\/wp-content\/uploads\/2023\/03\/classic-1.jpg","contentUrl":"https:\/\/www.hoteleuropariva.it\/wp-content\/uploads\/2023\/03\/classic-1.jpg","width":2000,"height":1335},{"@type":"BreadcrumbList","@id":"https:\/\/www.hoteleuropariva.it\/de\/zimmer\/classic-2\/#breadcrumb","itemListElement":[{"@type":"ListItem","position":1,"name":"Zimmer","item":"https:\/\/www.hoteleuropariva.it\/de\/zimmer\/"},{"@type":"ListItem","position":2,"name":"Classic"}]},{"@type":"WebSite","@id":"https:\/\/www.hoteleuropariva.it\/de\/#website","url":"https:\/\/www.hoteleuropariva.it\/de\/","name":"Hotel Europa","description":"SkyPool &amp; Panorama | Riva del Garda","publisher":{"@id":"https:\/\/www.hoteleuropariva.it\/de\/#organization"},"potentialAction":[{"@type":"SearchAction","target":{"@type":"EntryPoint","urlTemplate":"https:\/\/www.hoteleuropariva.it\/de\/?s={search_term_string}"},"query-input":{"@type":"PropertyValueSpecification","valueRequired":true,"valueName":"search_term_string"}}],"inLanguage":"de"},{"@type":"Organization","@id":"https:\/\/www.hoteleuropariva.it\/de\/#organization","name":"Hotel Europa","url":"https:\/\/www.hoteleuropariva.it\/de\/","logo":{"@type":"ImageObject","inLanguage":"de","@id":"https:\/\/www.hoteleuropariva.it\/de\/#\/schema\/logo\/image\/","url":"https:\/\/www.hoteleuropariva.it\/wp-content\/uploads\/2024\/02\/cropped-cropped-hotel-europa-logo-negativo.png","contentUrl":"https:\/\/www.hoteleuropariva.it\/wp-content\/uploads\/2024\/02\/cropped-cropped-hotel-europa-logo-negativo.png","width":700,"height":143,"caption":"Hotel Europa"},"image":{"@id":"https:\/\/www.hoteleuropariva.it\/de\/#\/schema\/logo\/image\/"}}]}},"featured_img":"https:\/\/www.hoteleuropariva.it\/wp-content\/uploads\/2023\/03\/classic-1-1200x801.jpg","coauthors":[],"author_meta":{"author_link":"https:\/\/www.hoteleuropariva.it\/de\/author\/hotel-europa\/","display_name":"Promoservice"},"relative_dates":{"created":"Posted 3\u00a0Jahren ago","modified":"Updated 2\u00a0Jahren ago"},"absolute_dates":{"created":"Posted on 15. Mai 2023","modified":"Updated on 25. Juni 2024"},"absolute_dates_time":{"created":"Posted on 15. Mai 2023 17:00","modified":"Updated on 25. Juni 2024 9:56"},"featured_img_caption":"","tax_additional":{"room_categories":{"linked":[],"unlinked":[],"slug":"room_categories","name":"Kategorien"},"translation_priority":{"linked":["<a href=\"https:\/\/www.hoteleuropariva.it\/de\/?taxonomy=translation_priority&#038;term=optional-de\" class=\"advgb-post-tax-term\">Optional<\/a>","<a href=\"https:\/\/www.hoteleuropariva.it\/de\/?taxonomy=translation_priority&#038;term=opzionale-de\" class=\"advgb-post-tax-term\">Opzionale<\/a>"],"unlinked":["<span class=\"advgb-post-tax-term\">Optional<\/span>","<span class=\"advgb-post-tax-term\">Opzionale<\/span>"],"slug":"translation_priority","name":"\u00dcbersetzungspriorit\u00e4ten"}},"series_order":"","_links":{"self":[{"href":"https:\/\/www.hoteleuropariva.it\/de\/wp-json\/wp\/v2\/rooms\/5452","targetHints":{"allow":["GET"]}}],"collection":[{"href":"https:\/\/www.hoteleuropariva.it\/de\/wp-json\/wp\/v2\/rooms"}],"about":[{"href":"https:\/\/www.hoteleuropariva.it\/de\/wp-json\/wp\/v2\/types\/rooms"}],"author":[{"embeddable":true,"href":"https:\/\/www.hoteleuropariva.it\/de\/wp-json\/wp\/v2\/users\/2"}],"version-history":[{"count":2,"href":"https:\/\/www.hoteleuropariva.it\/de\/wp-json\/wp\/v2\/rooms\/5452\/revisions"}],"predecessor-version":[{"id":8576,"href":"https:\/\/www.hoteleuropariva.it\/de\/wp-json\/wp\/v2\/rooms\/5452\/revisions\/8576"}],"wp:featuredmedia":[{"embeddable":true,"href":"https:\/\/www.hoteleuropariva.it\/de\/wp-json\/wp\/v2\/media\/5961"}],"wp:attachment":[{"href":"https:\/\/www.hoteleuropariva.it\/de\/wp-json\/wp\/v2\/media?parent=5452"}],"wp:term":[{"taxonomy":"room_categories","embeddable":true,"href":"https:\/\/www.hoteleuropariva.it\/de\/wp-json\/wp\/v2\/room_categories?post=5452"}],"curies":[{"name":"wp","href":"https:\/\/api.w.org\/{rel}","templated":true}]}}

<p><em>Zimmer mit Aussicht Ausblick auf den Monte Oro oder die Rückseite des Hotels</em></p>



<p>Das Zimmer der Kategorie Classic bietet im Europa Hotel in Riva del Garda die ideale Lösung für alle, die ein gemütliches Ambiente mit zweckdienlicher Einrichtung in angenehmen, einladenden Farbtönen suchen.</p>



<p>Das Zimmer ist mit einem Doppelbett ausgestattet und hat <strong>auch Platz für ein Kinderbett</strong>.</p>



<p>Den Gästen steht ein Courtesy-Set mit einer Packung Einweg-Desinfektionstücher zur Verfügung.</p>

<p>Das Zimmer der Kategorie Classic bietet im Europa Hotel in Riva del Garda die ideale Lösung für alle, die ein <b>gemütliches Ambiente</b> mit zweckdienlicher Einrichtung in <b>angenehmen, einladenden Farbtönen</b> suchen.</p>

<!-- This site is optimized with the Yoast SEO plugin v27.4 - https://yoast.com/product/yoast-seo-wordpress/ -->
<title>Classic - Hotel Europa - SkyPool &amp; Panorama | Riva del Garda</title>
<meta name="description" content="Ruhiges und Kleines Dopplezimmer mit französischem Bett." />
<meta name="robots" content="index, follow, max-snippet:-1, max-image-preview:large, max-video-preview:-1" />
<link rel="canonical" href="https://www.hoteleuropariva.it/de/zimmer/classic-2/" />
<meta property="og:locale" content="de_DE" />
<meta property="og:type" content="article" />
<meta property="og:title" content="Classic - Hotel Europa - SkyPool &amp; Panorama | Riva del Garda" />
<meta property="og:description" content="Ruhiges und Kleines Dopplezimmer mit französischem Bett." />
<meta property="og:url" content="https://www.hoteleuropariva.it/de/zimmer/classic-2/" />
<meta property="og:site_name" content="Hotel Europa" />
<meta property="article:modified_time" content="2024-06-25T07:56:28+00:00" />
<meta property="og:image" content="https://www.hoteleuropariva.it/wp-content/uploads/2023/03/classic-1.jpg" />
	<meta property="og:image:width" content="2000" />
	<meta property="og:image:height" content="1335" />
	<meta property="og:image:type" content="image/jpeg" />
<meta name="twitter:card" content="summary_large_image" />
<meta name="twitter:label1" content="Geschätzte Lesezeit" />
	<meta name="twitter:data1" content="1 Minute" />
<script type="application/ld+json" class="yoast-schema-graph">{"@context":"https:\/\/schema.org","@graph":[{"@type":"WebPage","@id":"https:\/\/www.hoteleuropariva.it\/de\/zimmer\/classic-2\/","url":"https:\/\/www.hoteleuropariva.it\/de\/zimmer\/classic-2\/","name":"Classic - Hotel Europa - SkyPool &amp; Panorama | Riva del Garda","isPartOf":{"@id":"https:\/\/www.hoteleuropariva.it\/de\/#website"},"primaryImageOfPage":{"@id":"https:\/\/www.hoteleuropariva.it\/de\/zimmer\/classic-2\/#primaryimage"},"image":{"@id":"https:\/\/www.hoteleuropariva.it\/de\/zimmer\/classic-2\/#primaryimage"},"thumbnailUrl":"https:\/\/www.hoteleuropariva.it\/wp-content\/uploads\/2023\/03\/classic-1.jpg","datePublished":"2023-05-15T15:00:33+00:00","dateModified":"2024-06-25T07:56:28+00:00","description":"Ruhiges und Kleines Dopplezimmer mit französischem Bett.","breadcrumb":{"@id":"https:\/\/www.hoteleuropariva.it\/de\/zimmer\/classic-2\/#breadcrumb"},"inLanguage":"de","potentialAction":[{"@type":"ReadAction","target":["https:\/\/www.hoteleuropariva.it\/de\/zimmer\/classic-2\/"]}]},{"@type":"ImageObject","inLanguage":"de","@id":"https:\/\/www.hoteleuropariva.it\/de\/zimmer\/classic-2\/#primaryimage","url":"https:\/\/www.hoteleuropariva.it\/wp-content\/uploads\/2023\/03\/classic-1.jpg","contentUrl":"https:\/\/www.hoteleuropariva.it\/wp-content\/uploads\/2023\/03\/classic-1.jpg","width":2000,"height":1335},{"@type":"BreadcrumbList","@id":"https:\/\/www.hoteleuropariva.it\/de\/zimmer\/classic-2\/#breadcrumb","itemListElement":[{"@type":"ListItem","position":1,"name":"Zimmer","item":"https:\/\/www.hoteleuropariva.it\/de\/zimmer\/"},{"@type":"ListItem","position":2,"name":"Classic"}]},{"@type":"WebSite","@id":"https:\/\/www.hoteleuropariva.it\/de\/#website","url":"https:\/\/www.hoteleuropariva.it\/de\/","name":"Hotel Europa","description":"SkyPool &amp; Panorama | Riva del Garda","publisher":{"@id":"https:\/\/www.hoteleuropariva.it\/de\/#organization"},"potentialAction":[{"@type":"SearchAction","target":{"@type":"EntryPoint","urlTemplate":"https:\/\/www.hoteleuropariva.it\/de\/?s={search_term_string}"},"query-input":{"@type":"PropertyValueSpecification","valueRequired":true,"valueName":"search_term_string"}}],"inLanguage":"de"},{"@type":"Organization","@id":"https:\/\/www.hoteleuropariva.it\/de\/#organization","name":"Hotel Europa","url":"https:\/\/www.hoteleuropariva.it\/de\/","logo":{"@type":"ImageObject","inLanguage":"de","@id":"https:\/\/www.hoteleuropariva.it\/de\/#\/schema\/logo\/image\/","url":"https:\/\/www.hoteleuropariva.it\/wp-content\/uploads\/2024\/02\/cropped-cropped-hotel-europa-logo-negativo.png","contentUrl":"https:\/\/www.hoteleuropariva.it\/wp-content\/uploads\/2024\/02\/cropped-cropped-hotel-europa-logo-negativo.png","width":700,"height":143,"caption":"Hotel Europa"},"image":{"@id":"https:\/\/www.hoteleuropariva.it\/de\/#\/schema\/logo\/image\/"}}]}</script>
<!-- / Yoast SEO plugin. -->

Ruhiges und Kleines Dopplezimmer mit französischem Bett.

Übersetzungsprioritäten
